number?
False
Let q be 5/15 - (-1 + 20/6). Is (0 + 1)/(q/(-2876)*2) composite?
False
Suppose 50 = 2*o - 5*d + 2*d, d = -o + 25. Let s = 26 - o. Is (-3 + 109)/2*s composite?
False
Is (-2 - 20)*(-243)/6 + -4 a prime number?
True
Suppose c = -3*c + 12. Suppose -2*g + 14 = c*q + 2, g - 5 = -q. Suppose 0*k + q*k = 18. Is k prime?
False
Suppose x = -4*d + 2394, x + 2*d + 7126 = 4*x. Suppose 0 = -n - x + 334. Is 7/21 + n/(-6) a composite number?
True
Suppose r - 21230 = -h, 4*r + 9*h = 8*h + 84929. Is r composite?
True
Suppose -3*y - 2*j = 2 + 1, -2*y - j = 1. Let w be (y - -50)*(-2)/6. Let h = -6 - w. Is h a composite number?
False
Let k = 24840 + -11029. Is k a composite number?
True
Let x = -43732 + 75263. Is x a composite number?
False
Is (-374034)/(-34) - (-3 - -1) prime?
True
Let q(y) = 5*y + 5. Let f(d) = -d - 1. Let n be f(-3). Suppose z - 13 = -n*r, 0*r + 4*z = -r + 24. Is q(r) a composite number?
True
Suppose -2*s = 5*c - 5388, 0 = 3*c + 3*s - 5*s - 3220. Is ((-2)/4)/((-2)/c) a composite number?
False
Let j(r) = 1158*r - 53. Is j(5) a prime number?
True
Suppose 6*b - 3*b = 63. Let c be ((-14)/b)/(4/(-150)). Let w = -15 + c. Is w a composite number?
True
Let r(j) = j**2 - 3*j + 3. Let n be r(3). Suppose 15 = n*p, p - 47 - 2 = -4*d. Suppose -2*f + d = w + 2*w, 5*f = 3*w + 59. Is f a composite number?
True
Suppose 13*h - 19*h + 36474 = 0. Is h a prime number?
True
Let f(m) = -15632*m + 97. Is f(-3) a composite number?
False
Let z = 4557 - 3146. Is z a prime number?
False
Let d(c) = 15*c**2 + 4*c + 4. Let b be (-22)/6 + (-20)/(-30). Is d(b) a composite number?
False
Let n = -1298 + 1983. Suppose p - n = 166. Is p composite?
True
Let f(n) = -8*n**3 + 8*n**2 + 5*n - 4. Let v be f(-5). Let a = v + -111. Suppose -k - 3*k = -a. Is k composite?
True
Let q be 1/2 - 1/(4/(-1918)). Let h = 899 - q. Is h prime?
True
Let t = 2073 + 761. Suppose -2*d = 2, d = 3*w - 4*d - t. Is w a composite number?
True
Suppose 2*x - 28528 = -1394. Is x a prime number?
True
Let o = -135648 + 282659. Is o composite?
False
Suppose -4*z = -2*s - 24994, -8*s + 6 = -10*s. Is z a composite number?
False
Let n = 72 + -64. Suppose n*o = 18*o - 590. Is o prime?
True
Is (-259654)/(-95) - 1/5 a composite number?
True
Suppose 4 = 3*o + 5*r, 0*o - 2*r = o - 1. Suppose 2*s - 2329 = 3*b - 3*s, 3087 = -4*b + o*s. Let y = -445 - b. Is y composite?
True
Suppose 3*y - 5*n - 42 = 0, n + 5 - 2 = 0. Suppose y = p - 97. Is p prime?
False
Let j = 9 + -5. Let y(b) be the first derivative of b**4/4 - b**3/3 - b**2 + 3*b + 93. Is y(j) prime?
True
Let r(y) be the third derivative of y**5/5 - 11*y**4/24 + 5*y**3/6 + 15*y**2. Is r(6) composite?
True
Let n(f) = -3*f**3 - 3*f**2 - f + 2. Let u(v) = v**3 + v**2 + v - 16. Let l be u(0). Let b = l - -13. Is n(b) prime?
True
Let a(d) = 2963*d**2 + 76*d + 226. Is a(-3) composite?
True
Suppose -m + 1085 = 2*a, 3*a - 2302 + 129 = -2*m. Is m a prime number?
True
Let w = -67 - -91. Let n be 1 - 0 - 2*-31. Suppose -z + n = -w. Is z composite?
True
Let w(t) = 132*t - 1. Let r be w(-2). Let y(c) = 24*c**3 - 6*c - 3. Let n be y(-2). Let m = n - r. Is m a prime number?
False
Let h(u) = 39*u**2 - 5*u + 14. Let j be h(5). Suppose -2*l + j = -1090. Is l composite?
True
Suppose 0 = -4*w - 0 + 20. Suppose 0 = 4*d + w*c - 53, -3*d - 4*c = -5*c - 16. Suppose 3780 = d*o + 847. Is o composite?
False
Suppose 137 + 1528 = 9*u. Is u a prime number?
False
Let d = -24 + 36. Let m be d/4 - 0/(-3). Suppose 22 = -m*r + 943. Is r a prime number?
True
Let u = 7 + -4. Suppose -3*m + 5*v + 7 = -2, 0 = u*m - 2*v - 18. Is (-2)/(-3*m/4164) a prime number?
True
Is -55906*(0 - -8)/(-16) prime?
True
Suppose -3*n + 5*a + 12 = -8, -n + 3*a + 4 = 0. Suppose -j + 12 = h, 5*j + n = -h + 34. Let s(w) = 4*w**2 - 12*w - 5. Is s(h) a composite number?
False
Suppose -1492 = h + h. Let g = -420 - h. Let z = 579 - g. Is z composite?
True
Let n be (18/(-15))/((-2)/5). Let d = n - 4. Is (2 + 237)/(d/(-1)) a composite number?
False
Suppose 35*y = -51047 + 146212. Is y a composite number?
False
Let g be 84/5 - (-4)/20. Let u = g - 15. Let v(a) = 250*a + 1. Is v(u) composite?
True
Let l(n) = -1 - 3*n**2 + 3*n**2 + 2*n**2. Let h(z) = z**3 + 29*z**2 - z - 20. Let m be h(-29). Is l(m) composite?
True
Is (-5)/2*((-17190)/(-25))/(-9) a composite number?
False
Let p be (-6)/(-8) - (-1855)/(-4). Let b = 192 + p. Let x = b - -504. Is x prime?
True
Let x(c) = -8*c**3 + 3*c + 2. Let n(d) = -17*d**3 + 7*d + 5. Let l(w) = 3*n(w) - 5*x(w). Is l(-4) a prime number?
False
Let p be (-4074)/4*(-2)/(-1). Is (2 - 0)*p/(-6) a composite number?
True
Is (-69 + 9)/(-12)*521 composite?
True
Suppose -3 = 3*j, -68245 - 2115 = -5*s - 5*j. Is s a composite number?
True
Let c(d) = -2*d**2 - 6*d + 10. Let y(r) = r**3 - 2*r**2 - 9. Let i be y(0). Let b be c(i). Let z = b + 172. Is z prime?
False
Is 82/(-8)*(-13180)/5 prime?
False
Let z = 366 + -649. Let y = 705 + z. Is y a composite number?
True
Is 46*10 - (-15 - (-19 + 11)) a composite number?
False
Suppose 5*u + 25*u = 207330. Is u a composite number?
False
Suppose -4*d = 3*i + 26, 3*d - 1 = 5*i + 23. Let c(l) = 7*l**3 - l**2 + 6*l - 61. Let b(a) = -a**3 - a - 1. Let f(s) = i*b(s) - c(s). Is f(0) composite?
False
Suppose -6*k + 2*k + 2708 = 0. Is k a composite number?
False
Let x be (1 + -5 + -15)/(1/43). Let o = -398 - x. Is o a prime number?
True
Is (118/(-8))/((-60)/2640) prime?
False
Let j(c) = -291*c + 1. Let q be j(-2). Suppose 5*n + 8 = q. Suppose -5*w = -5*p + 280, 4*p = -3*w + 116 + n. Is p a composite number?
True
Let g(b) = 168*b - 443. Is g(18) a prime number?
False
Let w(u) = -34*u - 31. Let k(d) = -51*d - 47. Let a(t) = 5*k(t) - 7*w(t). Let g be 32/12*(-3 + 0). Is a(g) a prime number?
False
Let m be (-1)/(-2)*-1*0. Suppose -4*u - 36 = -5*y, 0 = y - m*y + 4*u - 12. Let o(q) = 7*q + 3. Is o(y) a composite number?
False
Suppose 21*t - 43607 = 9838. Is t composite?
True
Let u = 13 + -27. Is (-2)/(-7) + (-10426)/u a composite number?
True
Let x be 9 + ((-6)/4)/(36/48). Suppose -4*d + x*d - 129 = 0. Is d a prime number?
True
Suppose 0 = -5*p - 2*m + 5*m + 60, 0 = -5*m + 25. Suppose -3*l = -p*l + 5772. Is l prime?
False
Let c(q) be the third derivative of 7*q**5/30 - 5*q**4/24 - q**3/3 + 35*q**2. Let d = -4 + 1. Is c(d) a composite number?
False
Suppose -4*g + 6*g - 8 = 0. Suppose -3*a + 3726 = 5*l - g*a, 0 = 2*l - 4*a - 1494. Is l composite?
True
Let w = -13 - -11. Let u be (-261)/(1/2*w). Suppose -3*i = 75 - u. Is i a composite number?
True
Suppose -3*c + 0*c = -30. Let l be 4334/5 - c/(-50). Suppose -3*i + 2*i + 289 = -2*x, l = 3*i - 4*x. Is i prime?
False
Let b be 775 - (-7 - -9)*2. Let j(w) = 18*w**3 + 5*w**2 + 4*w + 3. Let s be j(-3). Let p = s + b. Is p composite?
True
Let v(r) = r**2 + 7*r + 14. Let l be v(-6). Let g(b) = l - b**3 + 7*b**2 - 2*b - 16 + 3. Is g(5) a composite number?
True
Let q(i) be the second derivative of 121*i**3/2 + 35*i**2/2 + 11*i. Is q(12) composite?
False
Suppose d + 8 = 5*d. Suppose 2*j - l - 356 = -3*j, 2*l = 2*j - 136. Suppose 3*m + n = j, -d*m + 4*m - 40 = 2*n. Is m composite?
False
Let t(y) = 19*y**3 - 4*y**2 + 7*y - 1. Let v be t(5). Suppose -815 = -4*n + v. Is n a prime number?
False
Let m be 9/(-18) + 14/4. Suppose m*w - 6 = 4*q + 23, -3*w - 2*q + 53 = 0. Let d = w + -8. Is d a prime number?
True
Suppose 0 = -6*j - 0 + 42. Suppose -6805 = -j*c + 2*c. Is c a composite number?
False
Suppose -y = -m - 35, -2*y = 3*m + 5 + 75. Is 1096590/450 + (-4)/m prime?
True
Suppose 21*u - 15*u = 72. Suppose u*l - 5907 = 4617. Is l prime?
True
Let m = -22140 + 51241. Is m a prime number?
True
Is 1/(((-33)/(-130493))/3) prime?
True
Let z(q) = 120*q**2 + q + 16. Let o(l) = -l**2 - 1. Let r(a) = 6*o(a) + z(a). Is r(3) composite?
False
Let a(l) = 63*l**2 + 23*l + 19. Let t(j) = -94*j**2 - 34*j - 28. Let p(q) = 8*a(q) + 5*t(q). Let n be p(-9). Let i = -1751 + n. Is i prime?
False
Suppose 2*k + 21 = 43. Is 210 - -1 - k/((-66)/(-12)) prime?
False
Let x be ((170 - 2)/(-3))/(2 + -4). Suppose 0 = -z + x + 195. Is z a composite number?
False
Suppose 0 = -26*d + 55416 + 888150. Is d a prime number?
False
Let j(i) = i**3 + 4*i**2 - 6*i - 3. Let t be j(-5). Let a = t - -2. Suppose 7*w - a*w - 261 = 0. Is w composite?
True
Suppose 0 = -h + 3*b - 83, 0*h = 5*h + 3*b + 3